
Suppose 4*d = -c + 27, 0 = -5*d + 6*d - 3*c + 3. Suppose 75 = d*a - a. Calculate the greatest common factor of 15 and a.
15
Suppose -2*b - 90 = -5*b. Let g(m) = -3 - 3 + 20 - 5*m**2 + 4*m**2 - 2*m. Let f be g(-4). Calculate the highest common factor of f and b.
6
Suppose -3*s - 713 = -d, 4*d - 3929 = -4*s - 1077. Calculate the greatest common divisor of d and 23.
23
Suppose 0 = a - 3*s + 3, -a - 17*s = -19*s - 2. Calculate the greatest common factor of a and 48.
12
Let d = 428 - 230. Let u = -82 + d. What is the highest common factor of u and 29?
29
Suppose 3*u + 84 = 2*q + 5*u, -4*u = 3*q - 128. Suppose h + i = q, 17 = -5*i - 3. Calculate the greatest common factor of 4 and h.
4
Let j = -269 - -2842. Calculate the greatest common factor of j and 31.
31
Let l(d) = 4*d**2 - 3*d - 4. Let x be l(3). Let v = 18 - x. Let p = 20 + v. Calculate the highest common factor of 135 and p.
15
Let q(a) = a**2 - 3*a - 5. Let n be q(6). Suppose 7 = 4*c - n. What is the highest common divisor of c and 10?
5
Suppose 9*r = 8*r - 2*z + 156, -4*z + 632 = 4*r. What is the highest common factor of r and 768?
32
Let j(h) = -2*h**2 + 18*h - 6. Suppose 0 = -0*r + 5*r - 40. Let u be j(r). What is the greatest common divisor of u and 80?
10
Suppose 18 = -4*k + 2. Let l be (-16)/(-10) - k/10. Let r be 4/(-1) + (-6 - 2 - -34). Calculate the greatest common divisor of r and l.
2
Suppose 311 = 10*l - 409. Let h be l*(4 + 10/(-3)). Calculate the highest common factor of 72 and h.
24
Suppose w = 2*t - 1, 2*t + t + 3*w = -21. Let b(u) = 2 + 3*u - 3*u**3 + 2 + 2*u**2 + u**2 + u. Let d be b(t). What is the greatest common factor of 4 and d?
4
Suppose 0 = -13*g - 18*g + 930. What is the greatest common divisor of g and 18?
6
Suppose 3*m + i + i = 36, 0 = -3*i. Let r(c) = 4*c**3 - 2*c**2 - c + 2. Let k be r(2). What is the highest common divisor of m and k?
12
Let v = 243 - 121. Let y = v - 108. Suppose 204 - 540 = -4*l. Calculate the greatest common factor of l and y.
14
Suppose v = 5*u + 72, 4*v + 5*u = v + 136. Let b = v - 44. What is the highest common divisor of b and 32?
8
Suppose 377 + 117 = 19*f. Calculate the highest common factor of f and 806.
26
Suppose 0 = -12*t - 2150 + 6098. What is the highest common factor of 49 and t?
7
Suppose 8*p = 3*r + 9*p - 20, 0 = -3*r + p + 22. Calculate the highest common divisor of r and 21.
7
Let k = 120 - 60. Suppose 0 = -6*s + 154 - 82. What is the highest common factor of k and s?
12
Suppose -d = 2*r - 14 - 4, 0 = -4*d - r + 72. Let a = 25 + -7. What is the greatest common factor of d and a?
18
Suppose 0 = 2*q - 127 - 251. Let g = -706 - -727. Calculate the greatest common divisor of g and q.
21
Let a be ((-6)/(-18))/(2/30). Suppose 0 = -4*v - 5*m + 73, 54 = -2*v + a*v + 4*m. Calculate the highest common divisor of 2 and v.
2
Let c = -213 - -330. Calculate the greatest common factor of c and 195.
39
Suppose -2*h + h = -b + 5, -3*b = 4*h - 43. Let n(r) = r**2 + 5*r - 4. Let i be n(-6). Let k be (3/i)/(2/4). Calculate the highest common divisor of b and k.
3
Suppose -2*y = y - 1890. Suppose 0*u = -5*u + y. Suppose 0*c - c + 2*r = -20, 5*r = 3*c - 57. What is the greatest common factor of u and c?
14
Suppose 3*t + 90 = 9*t. Suppose 3*z + 149 = -3*f + 734, 5*z - 5*f - 975 = 0. Calculate the highest common divisor of t and z.
15
Let x = 254 + -166. Calculate the greatest common divisor of x and 40.
8
Suppose 0 = 5*i + 3*q - 360, 4*i + 55 - 343 = -2*q. What is the highest common divisor of i and 168?
24
Let r be 141/7 + (-5)/35. Suppose -2*k - 2*k - n = -r, 0 = -k + 4*n - 12. Let i = 4 - 0. Calculate the greatest common divisor of i and k.
4
Suppose 15 = 2*g + 7. Let r(p) = -5 + 6*p - 3*p + 2*p. Let l be r(g). What is the greatest common divisor of l and 30?
15
Let y(i) = 6*i - 2. Let o be y(3). Suppose 132 = -27*a + 38*a. What is the greatest common divisor of a and o?
4
Let h = -2 + 9. Let i(t) = 2*t**3 - 75*t**2 + 37*t + 35. Let b be i(37). Calculate the highest common divisor of b and h.
7
Suppose 0*q - 4*b + 19 = q, -3*q + 112 = b. Calculate the highest common divisor of q and 3.
3
Let n be (-32)/(-80) + 616/10. Suppose 0 = 4*c + n - 1062. Suppose 5*r - 5*v = c, 2*r + 100 = 4*r - 3*v. Calculate the highest common factor of 20 and r.
10
Let g(r) = r**2 + 15*r + 20. Let b be g(-14). Let k be ((-80)/30)/((-4)/b). Calculate the highest common factor of 28 and k.
4
Suppose 14*v - 60 = 10*v. Let w = v + -13. Suppose 93 = 4*m - 3*o - 41, -w*o + 179 = 5*m. Calculate the greatest common divisor of 7 and m.
7
Suppose 4*n - 5198 = -1226. Let t be (6/9)/(2/n). Let c = 499 - t. What is the greatest common factor of c and 21?
21
Let n be (0/(-2))/(22 + -20). Suppose 2*b - b - 5*a - 40 = 0, n = 2*b - 3*a - 66. Calculate the highest common divisor of b and 6.
6
Let p be 130/(-13) - -15 - (2 + -18). Let w = 294 - 128. Let x be 1 - (0 + w/(-2)). Calculate the greatest common divisor of p and x.
21
Let b = 28 - 8. Suppose -23*i + 27*i = b. What is the highest common factor of i and 15?
5
Suppose 7*g - 6*g - 64 = 0. Let d be (-351)/18*(2 - 0). Let y = d + g. Calculate the highest common factor of 175 and y.
25
Let k(l) = 5*l + 118. Let h be k(2). Let c be (-4)/(-2)*-1*11. Let a = c + 38. What is the greatest common factor of a and h?
16
Suppose -3*p - 3 = -21. Let f(t) = 3*t - 1. Let k be f(-1). Let h be k/48*-3*8. Calculate the greatest common divisor of p and h.
2
Let i be 54/(-243) + (0 - 58/(-18)). Suppose 23 = i*t + g, 0*t - 5*g + 19 = -t. Let p = -1 - -3. What is the highest common divisor of p and t?
2
Let o be (-465)/(-6)*(-132)/(-55). What is the highest common factor of o and 589?
31
Let d be (624/(-60))/(1/(-5)). What is the greatest common factor of d and 13?
13
Let t be (1 - (-1)/(-2))*(8 - 4). Let g be 73 + t/(-2)*(9 + -8). What is the greatest common factor of 6 and g?
6
Suppose -72 = -4*c + 60. Let d be (c/(-6))/(2/(-4)). Let w be (-27)/(-2) + d/22. Calculate the highest common divisor of w and 14.
14
Suppose -2*k + 4*t + 90 = 0, -k + 4*t + 53 = -0*k. Let v = k - 8. Calculate the highest common factor of v and 203.
29
Suppose -8*j + 200 = -3*j. Suppose -118 = -5*a + 4*b - 18, -4*b = 2*a - j. Calculate the greatest common factor of a and 40.
20
Suppose 0 = 3*n + n. Suppose n = -a - 4*a. Suppose -5*d + 7*d - 12 = a. Calculate the greatest common factor of 3 and d.
3
Suppose 4*p + 8*m - 18 = 3*m, -m = 2*p - 6. Suppose 0 = -5*z + p*z + 21. What is the greatest common factor of 7 and z?
7
Let j = -18 - -13. Let z = 6 + j. Let a(m) = 73*m - 1. Let w be a(z). Calculate the highest common factor of 48 and w.
24
Let m = 223 - 193. What is the highest common factor of m and 6?
6
Suppose 7*r + 8 = 3*r. Let h be r*(-2)/(-4)*-121. Let m be h - 0 - -1 - 3. What is the highest common divisor of 17 and m?
17
Suppose 21*u - 23*u = -84. Suppose 0 = -5*t + 2*x + 126, -2*t - 2*x = -0*x - u. What is the greatest common factor of 60 and t?
12
Suppose 23*p = 110 + 1983. What is the highest common factor of p and 2093?
91
Suppose 261*o = 262*o - 39. Suppose -3*h = -4*l + 1419, 0*h = -2*l - 2*h + 692. What is the greatest common divisor of o and l?
39
Let t(g) = -g**3 - 14*g**2 - 21*g - 22. Let s(i) = -i**2 + i. Let n(z) = -2*s(z) + t(z). Let d be n(-10). Calculate the greatest common factor of 36 and d.
4
Let k(w) = w + 3. Let d be k(-7). Let r be 112/(-63) + d/18 + 98. Calculate the greatest common factor of r and 128.
32
Suppose 51*y = 41*y + 50. Let d be 1904/24 + 4/6. Suppose a + 4*a - d = -b, a + 105 = 2*b. Calculate the highest common divisor of y and b.
5
Let p = 35 + -33. Calculate the greatest common factor of 1 and p.
1
Let o = 26728 + -26647. Let a(t) = t**2 + 1 + 2*t - t**3 - 2*t**2 + 2*t**3. Let n be a(2). Calculate the greatest common factor of n and o.
9
Suppose 20 = -5*d, -124 = -18*f + 13*f + d. What is the highest common factor of f and 384?
24
Let r(s) = 5*s - 68. Let x be r(18). Let t be (-19584)/(-99) - (-2)/11. Calculate the highest common divisor of t and x.
22
Let z = 1909 + -1584. Calculate the greatest common divisor of z and 455.
65
Suppose -3*c = 113 - 377. What is the greatest common factor of c and 44?
44
Suppose 2*z - 2738 - 2310 = 0. Let t be z/14 - (-28)/(-98). Calculate the highest common factor of 20 and t.
20
Let i be (-3 